**2 - 81*u + 82. Let a be j(1). What is the highest common divisor of a and 13?
13
Suppose 722*l - 764*l + 17808 = 0. Calculate the greatest common factor of l and 176.
8
Let l be -31*((-7)/(-21))/(4/(-12)). Let t(q) = q**2 - 31*q + 222. Let m be t(l). What is the highest common factor of 37 and m?
37
Let s(u) = 18*u - 40. Let r be s(-19). Let n = r + 438. Calculate the greatest common divisor of n and 35.
7
Let a = 9 - -3. Suppose 1931 = 2*n + 5*i, 3*i = 4*n + n - 4905. Suppose n + 474 = 11*j. Calculate the greatest common factor of j and a.
12
Suppose 6*w - 265 = w. Let h(n) = 29*n**2 - 1156*n - 54. Let p be h(40). What is the highest common factor of w and p?
53
Let r(p) = 8*p**2 + 14*p + 64. Let y be r(-8). What is the highest common divisor of y and 80?
16
Suppose -64*k + 6983 + 1465 = 0. Calculate the highest common divisor of k and 308.
44
Suppose 0 = p - 4 - 11. Suppose 31*c + 2*v = 39*c - 428, -4*c + 244 = 4*v. What is the highest common factor of c and p?
5
Let y(t) = 7*t**2 - 3*t - 11. Let s be y(-2). Suppose -s*l - 15*l = -1368. What is the highest common factor of l and 180?
36
Suppose -10 = 6*y - 238. What is the highest common divisor of y and 8854?
38
Let s(a) = -838*a + 734. Let x be s(-10). Calculate the greatest common divisor of x and 196.
98
Suppose -16*s = -27*s - 2244. Let g = s - -251. What is the highest common divisor of 517 and g?
47
Let f be 31/4 - 2/(-8). Let u be ((-39)/(17745/(-364)))/(1/90). What is the greatest common divisor of f and u?
8
Let n = -6770 + 9772. Calculate the greatest common factor of n and 114.
38
Suppose -x + 192 = 2*b, -b = -3*b + 3*x + 184. Calculate the highest common divisor of 2565 and b.
95
Let v = 48 + -26. Suppose 2*k = -0*k - 5*y + 144, -k + 69 = y. Let c = -23 + k. What is the greatest common factor of v and c?
22
Let f(v) = -v**2 + 3*v + 6. Let q be f(-1). Suppose -q*m - 227 = -323. What is the highest common divisor of m and 36?
12
Let n be 786/9 - (-24)/36. Let f = 32 + n. Calculate the greatest common factor of 72 and f.
24
Let f = -2884 - -2926. Let h(v) = 13*v + 5. Let r be h(5). What is the greatest common divisor of r and f?
14
Let k be 13 - 11/((-44)/692). Suppose -6 - 18 = -4*q. Calculate the greatest common divisor of q and k.
6
Let i(b) = 4*b - 118. Let r be i(32). Suppose 2916 = r*x - 4*x. Calculate the greatest common factor of 18 and x.
18
Let s = 307 + -286. Let g = 53 - s. Calculate the highest common factor of 160 and g.
32
Suppose 21439 = -33*l + 37*l + 3*z, 0 = 3*z - 15. Calculate the highest common factor of l and 156.
52
Let r(b) = 3*b**2 + 3*b - 1. Let k be r(-2). Suppose x - 2*t = 2*t + 122, k*t + 127 = x. Suppose 3*h - 204 = -9*h. What is the highest common factor of x and h?
17
Let j = -43 - -63. Let t(u) = -u**3 - u**2 - 2*u - 4. Let g = -97 - -94. Let w be t(g). Calculate the greatest common factor of j and w.
20
Let w(b) = -7*b + 10. Let l(k) = -2*k**3 - 7*k**2 - 6*k - 2. Let p be l(-2). Let x be w(p). Calculate the greatest common factor of x and 16.
8
Let h = -303 + 312. Suppose -2*b + 3*o + 2 = 8, 2*o = -5*b + 4. Let j be (-144)/(-1) - b - 0. Calculate the highest common factor of h and j.
9
Suppose 5 = 2*u - b, u = -2*b + 6*b - 15. Calculate the greatest common factor of 1145 and u.
5
Suppose -2 = 3*z + 3*o + 1, 5 = -5*z + 5*o. Let n(u) = -24*u**3 + 5*u**2 + 3*u. Let g be n(z). What is the greatest common divisor of g and 130?
26
Let j be ((-18)/8)/(578/(-134096)). What is the highest common divisor of j and 7047?
261
Let p be (18262/(-12))/(-23) + (-4)/24. Let f be -2*2/4*-1. Let a(y) = 99*y**2 + y - 1. Let d be a(f). What is the greatest common factor of p and d?
33
Let o(b) = 2*b - 43*b + 5*b**2 + 35*b. Let g be o(-6). Calculate the highest common factor of g and 8.
8
Let f(z) = 2*z**2 + 12*z - 2. Let k be f(-9). Let n = k + 32. Suppose -n = -3*o + 2*p, -7*p = -4*o - 3*p + 112. What is the highest common divisor of o and 21?
7
Let c(j) = j**3 + 11*j**2 - 61*j - 301. Let x be c(-6). What is the highest common divisor of x and 2107?
49
Let v = 96 + -23. Let q = 248 - 174. Let p = q - v. What is the greatest common divisor of 11 and p?
1
Let a be (-12)/(-22) + 72/(-132). Suppose a = 4*u - 136 + 24. What is the highest common factor of 644 and u?
28
Let w be (1 - -2)*(-8)/6. Let f be 4*(0 + (-6)/w). Suppose -11*y + 42 + 0 + 24 = 0. What is the greatest common divisor of y and f?
6
Let k(t) = 71*t**3 - 4*t**2 + 3*t. Let q be k(1). Let l be (-126)/(-12)*10/3. What is the highest common factor of l and q?
35
Let u be (6/5)/((-96)/(-240)). Suppose u*j - 25 = -4*a, -3*a - 45 = -8*a - j. Let i = -120 + 210. What is the greatest common factor of i and a?
10
Suppose 0 = 46*k - 116*k + 700. Let z(f) = f**3 - 12*f**2 + 13*f + 8. Let q be z(11). What is the greatest common divisor of k and q?
10
Let g be 910/(-4)*6/(-5). Suppose -31*v - g = -38*v. What is the highest common divisor of 1053 and v?
39
Let x(n) = 196*n**2 - 10*n + 10. Let q be x(1). Let b = -179 + q. Calculate the greatest common divisor of b and 221.
17
Let z = -904 - -904. Suppose z = -9*l + 12*l - r - 191, 5*l - 5*r = 335. Calculate the greatest common divisor of l and 713.
31
Let p(v) = 90*v - 1626. Let g be p(19). Calculate the greatest common factor of g and 1120.
28
Let f(d) = 15*d**2 + 3*d + 4. Let n be f(4). Let o = n - 250. Let r be (5 + -2)/((-6)/(-4)). What is the greatest common factor of r and o?
2
Suppose -5*c = 28*c - 99. Let y be (c - -4)*-1 + 18. Let i be 110/2 + 1 + -1. What is the highest common factor of i and y?
11
Suppose -4*v + 2 = 4*k - 114, 5*k + 2*v - 136 = 0. Let i be (-9)/2 + 13/k. Let c(m) = -6*m + 2. Let r be c(i). What is the highest common divisor of r and 13?
13
Let x be -1*(5 + -9 + -1). Suppose x*i - 181 = -n, 4*i - 142 + 0 = 2*n. What is the greatest common divisor of 24 and i?
12
Suppose 4*n - 100 = -0*n. Let h = -100 - -263. Suppose g - 12 - h = 0. Calculate the greatest common divisor of g and n.
25
Let x(y) = -559*y + 470. Let z be x(-7). What is the greatest common divisor of 9 and z?
9
Let d be (-1)/(1/(-11)) + 0. Let v be ((-1364)/6138)/((-2)/27). Calculate the greatest common factor of d and v.
1
Suppose -57 = -17*f + 16*f. Let u(x) = 7*x + f*x + 17 + 31*x. Let z be u(2). Calculate the highest common factor of z and 23.
23
Let u(i) = i**3 - 25*i**2 + 67*i - 16. Let q be u(22). Suppose -k + q*k + g = 973, k + 4*g = 187. What is the greatest common divisor of k and 15?
15
Let r(u) = -3*u - 2. Let x be r(-5). Let z be (385/(-11) + -1)/((-6)/104). Suppose -30*y + z = 18*y. What is the highest common divisor of x and y?
13
Suppose 0 = 6*q + 46*q + 38220. Let n = -709 - q. Calculate the greatest common factor of 221 and n.
13
Let n(r) = -r**2 - 138*r - 832. Let k be n(-21). What is the highest common divisor of k and 52?
13
Suppose 2304 = -54*v - 41*v + 119*v. What is the greatest common divisor of v and 11904?
96
Let r = 14 + 52. Let s be 11/(r/270) - (0 + -3). Calculate the highest common divisor of s and 16.
16
Suppose 9204*r - 9228*r + 2928 = 0. Let w(i) = -i**2 + i + 305. Let l be w(0). What is the greatest common factor of l and r?
61
Suppose 1906 - 16 = 135*h. Calculate the greatest common factor of 3374 and h.
14
Suppose 0 = 15*a - 61 + 16. Let b(f) = -23*f + 76. Let s be b(a). What is the highest common factor of 56 and s?
7
Suppose 76 = 2*y - 4*t, t + 4 = 5. Suppose -6*g = -g - y. Let v be (14/(-5))/(-7)*-15 - (-36 + 22). Calculate the highest common divisor of v and g.
8
Let v be ((-1134)/(-405))/(2/(-950))*2/(-4). Suppose -175 = -3*l - 2*l. Calculate the greatest common divisor of l and v.
35
Let y(f) = -24*f**2 - 13 - 6 + 7*f + 34*f**2 + f**3. Let h be y(-9). Let l be (-26)/(-8) - h/(-4). What is the highest common factor of 3 and l?
3
Let y(z) = -3*z**2 - 78*z - 82. Let x be y(-25). Let l(n) = -n**3 - 9*n**2 - 20*n + 2. Let p be l(x). Calculate the highest common divisor of 374 and p.
22
Suppose -3*h = x - 964, 2*x + 6*h - 1892 = 9*h. What is the greatest common factor of 544 and x?
136
Suppose 4*t = -6*x + 392, t - 39 = -2*x + 59. Calculate the highest common factor of 28 and t.
14
Let t be 2748/(-27) - (235/45 - 5). Let z = t + 116. Calculate the highest common factor of 2 and z.
2
Let o(p) = -106*p + 51*p - p**2 + 45*p - 11. Let k be o(-10